u = 300 + -201. Suppose -5*z + l + 87 = 0, -5*z + 0*l - 3*l = -u. Calculate the greatest common divisor of 18 and z.
18
Let y be 1/2 - (2046/(-12) - 3). Calculate the highest common divisor of 6 and y.
6
Let r be (3 - 1) + (40 - -5). Calculate the highest common divisor of 188 and r.
47
Let p be 11*(3 + 46) - -4. Suppose -p = -7*v + 129. Calculate the greatest common factor of 12 and v.
12
Suppose 5*a = 73 - 23. Let g = -13 + -16. Let y = g + 69. What is the greatest common divisor of a and y?
10
Let z be (2/3)/(4/(-66)). Let b = 15 + z. Suppose 6*l + o = l + 78, -b*o = 8. What is the greatest common factor of 48 and l?
16
Let k be 2/(-3)*(2 - -1). Let b be 1/(3/(-1) - k). Let u be (7/4)/(b/(-12)). What is the greatest common divisor of u and 231?
21
Suppose 0 = -2*y + 2*j + 1990 + 156, 3224 = 3*y - 4*j. Calculate the highest common factor of y and 3.
3
Let o be -2 + 0 - (-8)/2. Suppose f + 37 = o*f. What is the greatest common factor of f and 407?
37
Let f be 9/((-21)/30 + 1). Let i be f + (-1)/(-2)*-6. Calculate the highest common divisor of 3 and i.
3
Let y = 22 + -14. Suppose 9 = -4*a + 17. Suppose -11 = 3*l - 4*l - r, 3*r + 27 = a*l. What is the greatest common factor of l and y?
4
Let q(t) = 4*t - 63. Let k be q(17). Calculate the greatest common divisor of 20 and k.
5
Let k(h) = 4*h**2 + h + 1. Let c be k(-1). Let x = 683 - 671. Calculate the highest common divisor of c and x.
4
Let u(o) be the first derivative of -55*o**2/2 + 3*o - 2. Suppose -8*m + 6 = -10*m. Let h be u(m). What is the highest common divisor of 24 and h?
24
Suppose 3*q - 4*r - 21 = 0, -10*q - 7 = -11*q + 3*r. What is the greatest common divisor of q and 16?
1
Suppose 0 = -2*q + 4*q - 36. What is the greatest common factor of q and 558?
18
Suppose m - 5 + 3 = 0. Suppose z = -m*z + 1395. Suppose -5*j = 6*u - 3*u - 1085, -z = -2*j + 5*u. Calculate the highest common factor of 20 and j.
20
Let g = 0 - 21. Let q = 25 + g. Suppose -4*v + 1 = -r, -r = q*v + r - 10. Calculate the highest common divisor of v and 3.
1
Suppose -3*a = -2*p - 9176, -67*p + 9174 = 3*a - 70*p. Calculate the greatest common divisor of 36 and a.
36
Suppose 5*q - 5*z + 2*z - 10 = 0, -5*z = -3*q + 6. Suppose q*f = 3*w + 81, 2*w + 4 = 4*f - 178. What is the greatest common factor of f and 32?
16
Let n = 113 - 77. What is the highest common factor of n and 396?
36
Let z be 2/(-6) - 147/(-9). Suppose 17*k = 11*k + 12. Let u be (66*k)/((45/(-12))/(-5)). Calculate the greatest common factor of u and z.
16
Let z be -6*4/64 + (-729)/(-24). What is the greatest common divisor of 50 and z?
10
Suppose -3*s - 109 = 4*c, s = -6*c + 3*c - 38. Let q be ((-20)/s)/((-4)/(-70)). Calculate the highest common factor of 40 and q.
10
Let s = -85 - -89. Let x be -43*(-5 - (-4 + s)). What is the highest common divisor of x and 86?
43
Suppose 9*i - i = 192. Calculate the highest common divisor of i and 232.
8
Let x(s) = -10*s - 20. Let j be x(-10). Calculate the highest common factor of 24 and j.
8
Suppose 509*g - 495*g = 420. Let q(x) = 7*x**2 - x**3 + 0*x + 0*x + 10. Let m be q(7). What is the highest common factor of m and g?
10
Let p be ((-18)/117)/((-1)/13). Calculate the highest common factor of 4 and p.
2
Let s = -1827 - -1931. What is the highest common factor of 130 and s?
26
Let n(d) = d**2 - 65*d + 679. Let m be n(13). Calculate the greatest common factor of m and 75.
3
Suppose s + 26 - 35 = 0. Calculate the highest common factor of 3 and s.
3
Let k = 95 + -30. Let d(w) = 6*w - 7. Let v be d(5). Suppose 5*s - 45 = -5*q, 4*q + 0 = -3*s + v. What is the greatest common divisor of k and s?
13
Let l be ((-4)/(-14))/((-2)/(-14)) + -4. Let k be (-3 - 138/(-10))/(l/(-5)). What is the greatest common factor of 9 and k?
9
Let b(z) be the first derivative of 9*z**2/2 + 35*z - 2. Let s be b(5). Calculate the greatest common divisor of s and 20.
20
Let t(w) = w**2 + w + 5. Let o be t(-4). Let g be 1 + o + 1 + -3. Calculate the highest common factor of g and 24.
8
Let w(y) = -y**2 + 13*y + 16. Let j be w(14). Suppose 24 - 8 = j*c. Calculate the greatest common factor of 88 and c.
8
Let x(l) = 42*l**2 - 17*l + 28. Let r be x(2). Calculate the greatest common divisor of 6 and r.
6
Let i be -6 + 1 + (-8)/(-1). What is the greatest common divisor of i and 33?
3
Let v be 4/10 - (-248)/5. Suppose -31 = 4*i + a, i + 5*a = 3*i - 1. Let k(p) = p**2 + 6*p + 3. Let r be k(i). What is the highest common factor of v and r?
10
Suppose 0 = -4*q - 2*i + 70, -2*q + 0*i + 3*i = -15. Let k = -5 + q. What is the highest common divisor of 40 and k?
10
Let t(v) = -3*v - 3. Let s be t(-5). Let d be (2 + -4)*141/6. Let u be (-1 - d) + (9 - 7). What is the greatest common factor of s and u?
12
Suppose 26*z - 31*z - 3*u = -111, -u + 86 = 4*z. What is the highest common factor of z and 93?
3
Let w(x) = -9*x**3 + x**2 + x + 2. Let f be (-65)/30 - 2/(-12). Let j be w(f). Suppose 0 = s - 0*s - j. What is the highest common factor of 19 and s?
19
Let k = 59 - 34. Suppose -3*q = -0*q - 3*c - 18, -3*q + 4*c = -23. Let x be 2/(q + (-3)/5). Calculate the highest common factor of x and k.
5
Suppose 0 = -27*l + 2116 + 584. Calculate the highest common factor of l and 70.
10
Let c be (1 - 32) + (-3)/1. Let w = c - -36. Let k(r) = 5*r**3 + r - 1. Let z be k(1). Calculate the highest common divisor of z and w.
1
Suppose 0 = i - 89 + 60. What is the highest common factor of i and 2?
1
Suppose -10*z + 1454 = 104. Calculate the greatest common factor of 162 and z.
27
Suppose -5*s - x = -172, 3*x + 16 = s - 28. Suppose -3*p + 4*p + 75 = g, -g - 2*p + 60 = 0. What is the greatest common factor of g and s?
35
Suppose -5*h + 537 = 2*n + 211, 5*n + 142 = 2*h. Suppose 0 = 3*o - 50 - 280. Calculate the highest common factor of h and o.
22
Suppose -3*h - 2*b - 92 = 0, -3*b + 38 = -h - 0*h. Let j = 12 - h. Let m be (((-16)/(-2))/(-1))/(-2). Calculate the highest common divisor of j and m.
4
Suppose 5 = 14*s - 9. Let k be (-45)/(-6)*((-4)/s)/(-2). Calculate the greatest common divisor of 6 and k.
3
Let f(t) = -t**3 - 7*t**2 + 6*t + 14. Suppose -6 = 4*g - 2*g + 5*z, z = 2*g + 18. Let d be f(g). Calculate the greatest common divisor of 12 and d.
6
Suppose 15*o = 13*o + 26. Suppose 23 - o = 5*q. What is the highest common divisor of 5 and q?
1
Suppose 227 = 2*d + 23. Let s = d + 66. Calculate the highest common factor of s and 42.
42
Let p be 86/(-387) - (-1838)/9. Calculate the highest common divisor of p and 272.
68
Let u(t) = 9*t**2 + t + 1. Let n(i) = -i**3 + 6*i**2 - 4*i - 6. Let y be n(5). Let q be u(y). Calculate the highest common factor of q and 27.
9
Suppose 0 = 3*h + 9 - 57. Suppose -2*k - 208 - 326 = -3*g, -513 = -3*g - 5*k. What is the highest common divisor of g and h?
16
Suppose 0 = 2*x + 5*x + 56. Let j(p) = -3*p - 11. Let v be j(x). Calculate the greatest common divisor of v and 26.
13
Suppose 8*z - 50 = -42. Suppose 0 = -2*k + 11 - 3. Suppose j + z = 3, -3*a + k*j + 280 = 0. Calculate the highest common factor of 12 and a.
12
Let p(w) = 44*w + 460. Let f be p(-10). What is the greatest common factor of f and 68?
4
Let y(h) = -2*h**3 + h**2 + 15*h - 25. Let u be y(-8). Calculate the greatest common factor of u and 46.
23
Suppose 4*u + 0*u = -32. Let v = 22 - u. Calculate the highest common factor of v and 210.
30
Let t(u) = u**3 + 5*u**2 + 3*u - 2. Let g be t(-3). Let f(v) = -v**2 + 8*v - 1. Let r be f(g). What is the greatest common divisor of 6 and r?
6
Let g = 17 + -25. Let z = g - -9. Let j be (55/15)/(z/21). What is the greatest common factor of j and 11?
11
Let v = 451 - 321. Suppose -5*z = 5*h - v, -5*h - 5 = 5. Let b(d) = d**3 + 7*d**2 - 5*d - 7. Let t be b(-7). What is the highest common divisor of t and z?
28
Let w(l) = l**2 - 14*l + 4. Let t be w(15). Calculate the highest common divisor of t and 19.
19
Let a be 14/(14/(-3))*(-4)/6. What is the highest common factor of 30 and a?
2
Let k = -17 + 23. Suppose -m + 3*j + 19 = k, 0 = -2*m - 2*j + 2. Calculate the highest common divisor of m and 4.
4
Let b = 2129 - 1265. Calculate the greatest common factor of b and 324.
108
Let n be 1 + 0 + (0 - -2). Suppose 25 = -5*i, -3*i - n = 2*l - 2*i. Suppose 0 = 4*z + 17 - 21. Calculate the highest common factor of l and z.
1
Suppose 2*g + 6 = -3*z, -3*g - 2 = -4*z 